osite number?
True
Let c(i) = 29*i - 23. Let j be (-6)/(-10) - (-134)/10. Let l be c(j). Let m = 546 - l. Is m composite?
False
Let c(q) = -2*q**3 - 9*q**2 + 14*q + 656. Is c(-45) a prime number?
True
Suppose 0 = 2*k + 15 - 19. Suppose 2*p = -k*p + 5*u + 17074, -5*p + 4*u + 21347 = 0. Is p composite?
False
Is -370 + 44068 + 6/(-4)*(-2)/(-3) composite?
True
Suppose 90 = 41*f - 35*f. Suppose -f*w + 75025 - 28270 = 0. Is w a prime number?
False
Let q(n) = 768*n - 433. Is q(10) prime?
True
Let g = 72991 + -18468. Is g prime?
False
Let x = -908233 - -2346531. Is x prime?
False
Let s(n) = -16*n**3 + 11*n**2 + 4*n + 31. Is s(-6) prime?
False
Let u = 69872 - 38459. Suppose -8*j + u = -5075. Is j composite?
False
Let v = -120050 - -220861. Is v a composite number?
False
Let v be (2/(-6))/((-4)/72). Suppose 86 = -v*s + 350. Let a = 523 - s. Is a a prime number?
True
Let m be 142/(-4) + 11/(-22). Let o be 3/m*-9*4. Is o/1 + 4 + 782 a composite number?
True
Let a be (-27405)/(-10) - (-15)/10. Suppose 2*s = -4*g + a, 10*s + 2029 = 3*g + 6*s. Is g a prime number?
True
Let v(c) = -c**3 - 2*c**2 + 5*c - 17. Let q be (-29)/(-5) + 1/5. Suppose -q = -4*s + 5*s. Is v(s) a prime number?
True
Suppose 0 = 1148*r - 1151*r - 7314. Let g = 4539 + r. Is g a prime number?
False
Suppose -26*y - 24 = -32*y. Suppose y*m - 3*d - 1483 = 0, -6*d + 1125 = 3*m - 4*d. Is m a composite number?
False
Suppose 6*c = 103566 - 20778. Suppose 2*o = 5*n + c, -3*o - 6*n + 20697 = -3*n. Is o a composite number?
False
Let n = 225696 - 107887. Is n composite?
False
Is ((-16)/64)/(5/(-6168740)) prime?
True
Suppose 0*j + 20 = 2*j. Let w(g) = g**3 - 7*g**2 + 8*g + 5. Let t be w(j). Suppose -3*c = -8*c + t. Is c a composite number?
True
Let d = -64445 + 100048. Is d prime?
True
Suppose -3*c - q + 0*q - 13 = 0, 4*q = 8. Let g(s) be the first derivative of -7*s**4/4 + 3*s**3 + 4*s**2 - 3*s - 15. Is g(c) a composite number?
True
Let o = -53156 - -131535. Is o prime?
False
Suppose 0 = -115*n + 248*n - 121*n - 5217684. Is n a composite number?
False
Let j(g) = -405*g**3 + g**2 - 7*g + 19. Let p be j(3). Let z = p + 18783. Is z a composite number?
True
Suppose -145*j + 124*j = -5611557. Is j prime?
True
Let z(i) = 3*i - 105. Let r be z(37). Let p(s) = 8*s**3 + 14*s**2 - 2*s - 1. Is p(r) composite?
True
Is (-2)/1 - (-51725 + (28 - 18)) prime?
True
Let d = -19 + 27. Suppose d*l = r + 9*l - 351, -4*l = r - 345. Is r a composite number?
False
Let x(s) = s**2 + 34*s - 69. Let i be x(-36). Suppose -i*k = 3*u - 2697, 730 + 2863 = 4*u + k. Is u a prime number?
False
Is 152452*(-1)/(-12)*(-276)/(-92) a composite number?
False
Let v(a) = 1946*a**3 + 2*a**2 - a. Let w(b) = -1947*b**3 - 2*b**2 + b. Let m(p) = 5*v(p) + 6*w(p). Is m(-1) composite?
False
Is (16595370/(-16))/(-3) + (-78)/(-624) composite?
True
Suppose 3*n = 3, -t - 4*t + 87 = -3*n. Suppose 14*c = t*c - 1716. Suppose -1176 - c = -5*l. Is l prime?
False
Let d = 462 + -307. Let u = d + 886. Is u composite?
True
Let x(o) = -37383*o + 3160. Is x(-3) prime?
True
Let w be (17 - 2)*(3 - 2). Let z(f) = -23 + 14*f + 15*f + 0 + w*f. Is z(9) a composite number?
False
Suppose 989 = 54*t - 1549. Suppose t*g - 35506 = 39553. Is g composite?
False
Let v(j) = j**3 + 76*j**2 + 140*j - 457. Is v(-60) a composite number?
True
Suppose 3*i - 6870 + 40385 = 2*c, -2*c + 33521 = -5*i. Is c a composite number?
True
Let d(t) = 3604*t**2 - 140*t - 1202. Is d(-9) a composite number?
True
Suppose 3*l = i - 423, i - 2*l + 70 - 493 = 0. Let j(u) = -280*u**2 + u + 1. Let n be j(-1). Let r = i + n. Is r prime?
False
Let b(p) = 108*p**3 + 4*p**2 + 6*p - 19. Let r be 12/9 - (-15)/9. Is b(r) a prime number?
False
Let u(k) = -3*k - 6. Let d be u(-7). Let o(s) = 2*s**2 - 8*s + 23. Is o(d) a composite number?
False
Let t = -658 + 646. Let l(a) = 3*a**3 + 43*a**2 - a + 11. Is l(t) composite?
False
Let m(n) = n**2 + 2*n - 20. Let o be m(-6). Suppose o*v + 7 = 31. Suppose 11*l = v*l + 1655. Is l a composite number?
False
Let d(n) = -198*n + 119. Let t(u) = 7*u + 123. Let o be t(-19). Is d(o) a prime number?
True
Suppose 20 = 44*r - 39*r. Suppose 4*q = 5*q. Suppose q*m = -4*h + 4*m + 12, 0 = m - r. Is h a composite number?
False
Let r(i) = 5512*i**3 - 11*i**2 - 83*i + 431. Is r(4) prime?
True
Let y be (-600)/(-18)*72/(-30). Let f be (-1)/(1 + 472/(-468)). Let j = f + y. Is j prime?
True
Suppose 0 = 2*l - 4*w - 20, 0*l + 4*w = -l - 14. Suppose l*n + 5*b + 52150 = 7*n, 2*n + 3*b - 20875 = 0. Is n a prime number?
True
Suppose 4*t = -2*b + 293966 - 42624, 4*t = 16. Is b prime?
False
Suppose 0 = -26*s + 10*s. Suppose 2*p - 5*w + 1 = 0, 2*p + 5*w = -s*p - 11. Is 8204/8*(-1 - p) a composite number?
True
Let h = -105 + 108. Suppose 4 = 5*s - h*s. Suppose s*i = -4*i + 3018. Is i a prime number?
True
Let n be 4 + 34/1*131. Let c = -2344 + n. Let q = c - -35. Is q prime?
False
Is (-49 - 5856/(-120))/(1/(-2204245)) composite?
False
Let a(i) = 48029*i + 11121. Is a(10) a composite number?
True
Suppose 5*w = -4*n + 831, 5*n - 2*w + 6*w = 1050. Let q = n + -476. Let b = q - -449. Is b prime?
False
Suppose 0 = u + 13*u - 28244 - 35918. Is u composite?
False
Let v(j) = -j**3 - 109*j - 103 + 169*j**2 - 380*j**2 + 173*j**2. Is v(-43) composite?
False
Let k = -141 + 144. Suppose -6387 = -3*p - 3*b, 2*p = -k*p - b + 10645. Is p prime?
True
Let m = 1505 - 636. Let t = 1250 - m. Is t a prime number?
False
Is 4/12*1129827 + (3 - -3) a prime number?
False
Suppose r = -4, 9*r = -4*p + 8*r + 28. Let z(y) = 26*y**2 - 11*y + 81. Is z(p) a composite number?
False
Is 1108552/3 - 17*(-1)/(-51) prime?
False
Suppose 273*a - 1374320 + 379781 = 0. Is a a composite number?
False
Let q(s) = -7*s**3 + 19*s**2 + 7*s + 11. Let n be q(9). Let h = -2208 - n. Is h prime?
False
Suppose 0*l - 24026 = -5*q + 4*l, -q = l - 4798. Suppose -4*z + q = 4*u - 3870, 0 = -5*u + 3*z + 10880. Is u prime?
False
Let d be (-4)/(16/(-84)) + (-1 - 2). Suppose 13535 = -d*s + 23*s. Is s composite?
False
Let m be (-1)/(-2) - 140/8. Let a(j) = -28*j + 3. Is a(m) composite?
False
Suppose 5*r + r - 78 = 0. Suppose -r*m + 617 + 30050 = 0. Let g = m + -1022. Is g a prime number?
False
Let h(g) = g**2 + 6*g + 10. Let x be h(-4). Suppose x*c - 2333 + 739 = 0. Is c a prime number?
True
Let u be 6562/(-17) + -1 + 7. Let j = u + 1389. Is j prime?
True
Let p(k) = 46*k**2 - 48*k + 243. Is p(-32) composite?
False
Suppose -3*w + 0 + 60 = 0. Suppose 5*k - w = 0, 4*r + k - 49200 = 2*k. Is r composite?
False
Suppose 0 = -2*u + 95 + 35. Let f = 50 - u. Is (-7367)/f + 10/(-75) a composite number?
False
Suppose 13*a + 722352 = 1897939 + 1092354. Is a composite?
False
Is ((-690)/75 - -9)*-1199645 composite?
False
Let l be ((-30)/12)/((-5)/12). Suppose 4*j + 3114 = 2*g, -l*j - 3099 = -2*j + 3*g. Is 3*(-20)/(-15) - j a composite number?
True
Suppose i = -5*v + 509, 3*i - 243 = -5*v + 274. Suppose -395 = -5*t + 5*w, -5*t - 2*w + 242 = -146. Suppose -v = -u + t. Is u prime?
True
Let b be ((-33)/(-12))/(1/(-148)). Let m = b + 602. Suppose 0 = -2*q + 617 - m. Is q composite?
False
Let j = -87 + 137. Suppose -j = 3*r - 14. Is -1 + (-4)/r - 2482/(-6) a prime number?
False
Let p = 165363 - 65076. Suppose 2*s - 4*s - k + 50145 = 0, -4*s = 5*k - p. Is s a prime number?
True
Let u be (-12)/12*5*-1. Suppose 5*h = -u*q + 11595, 12 = 4*q + 4. Is h prime?
False
Suppose 235 = -0*m - 5*m. Let v(s) = -4*s**2 - 3*s - 5. Let p be v(-3). Let h = p - m. Is h a prime number?
False
Let a be 5*(42/5 - 8). Suppose -a*n = -549 - 2269. Is n a prime number?
True
Suppose 5002*f = 4991*f + 495583. Is f a prime number?
True
Is -1*1/(-2)*(12 + 419390) a composite number?
False
Let n(g) = g**3 - 7*g**2 - 10*g + 19. Let a be n(8). Suppose -580 - 5452 = -a*b + 5*d, 5*b + d - 10100 = 0. Is b prime?
False
Suppose 5*f = 3*g - 19, 6*g - 2*f - 13 = 3*g. Suppose 2*q + 164161 = 5*j, -24*q = g*j - 25*q - 98496. Is j a composite number?
False
Let t = 58 - 58. Suppose t = -5*q - 7*q + 309096. Suppose 0 = -9*v - 10377 + q. Is v prime?
True
Is 40/220 - (-11900)/11 composite?
True
Let l = -2362122 + 4471789. Is l prime?
False
Suppose 0 = -0*a - 2*a + 84. Let o(y) = -7 + a*y**2 + 10 - 2. Is o(-4) prime?
True
Let v(t) = 4135*t - 3578. Is v(9) a composite number?
False
Let z(x) = -9*x + 139. Let o be z(13). Suppose 10388 = 5*